1)/t)?
False
Let n(g) = g**3 - 11*g**2 + 3. Let m be n(11). Suppose m*t = -2*b - 2*t + 28, -3*t = -b + 36. Is b a multiple of 6?
True
Let k(m) = m + 9. Let v be k(-6). Suppose -5*b = -2*b + 5*l - 575, -937 = -5*b - v*l. Let z = b + -96. Does 10 divide z?
False
Let m(z) = 7*z - 33. Let s be m(7). Suppose 3 + 24 = -3*v. Let f = v + s. Is f a multiple of 2?
False
Let b = -23 - -28. Suppose 277 = 3*n - 5*q, 0 = -b*n - 2*q + 424 - 14. Is 11 a factor of n?
False
Suppose 0 = 2*o + 4*q - 46, -5*o - 5*q + 95 = 0. Let x be 1 + 0/2 + 67. Suppose 4*p - x = -4*d, -d + 2*p = 1 - o. Is 16 a factor of d?
True
Suppose 163*r - 14784 = 159*r. Is r a multiple of 28?
True
Let q(f) = 41*f + 14. Let r be q(14). Suppose r = 13*t - 7*t. Is t a multiple of 17?
False
Is 48 a factor of 390979/481 - (-4)/26?
False
Let b(p) = -p**2 + 12*p - 4. Let h be b(11). Let q be (-6)/9*3 + h. Suppose 5*l - q = 0, -2*f + 2*l + 0*l + 150 = 0. Does 18 divide f?
False
Let d(q) = -14*q - 7. Let n(c) = c - 1. Let y be n(-4). Does 17 divide d(y)?
False
Let s(n) = n**3 - 6*n**2 + 4*n - 5. Let f be s(4). Let v be (-108)/f + 6/(-42). Is 2 a factor of (v + 0)/(9/9)?
False
Let d = 32 - 27. Let k = 47 - d. Does 21 divide k?
True
Let i(d) be the second derivative of -d**5/20 + d**4/2 + d**3/3 - 4*d**2 - 11*d. Is 14 a factor of i(4)?
False
Let v be (153/(-68))/(2/(-1600)). Suppose 13*h - 7*h - v = 0. Is 30 a factor of h?
True
Suppose -10*p + 5*p - z = -3677, 2936 = 4*p - 2*z. Does 49 divide p?
True
Let q(f) = 2*f**2 - 9*f + 171. Is q(9) a multiple of 21?
True
Suppose x - 2*c = 1067, -3*c = 3*x - 5*c - 3221. Is x a multiple of 13?
False
Let b = -16 - -16. Suppose b = -5*o - 9 + 34. Suppose o*w - 3*j = 104, -5*w + 5*j - 2 = -112. Does 5 divide w?
False
Suppose -5*n - 146 + 14244 = 4*p, 5*n - 5*p - 14080 = 0. Does 16 divide n?
False
Let p(g) = -5*g**2 - 131*g - 40. Does 20 divide p(-20)?
True
Let c(h) be the second derivative of -h**6/120 + h**5/15 + h**4/12 - h**3/2 - 5*h**2/2 - 6*h. Let v(m) be the first derivative of c(m). Does 6 divide v(3)?
True
Suppose 8*b = 131 + 621. Is b a multiple of 5?
False
Let g(z) = z**3 + 4*z**2 - 5*z + 4. Let a be g(-5). Suppose k = -5*m + 33, -a*k + k + 29 = 5*m. Suppose -m = -r - 3, 0 = 3*c - 2*r - 10. Does 3 divide c?
True
Is 15 a factor of 2 + 774 - (-324)/81?
True
Let t(f) be the third derivative of f**5/15 + 7*f**4/24 - 2*f**3 + 7*f**2. Let w be t(-10). Suppose 5*i - w + 78 = 0. Is 29 a factor of i?
False
Let l(b) = b**2 + 19*b + 3. Let h be l(-19). Suppose 117 = h*i - 3*x, -2*x - 112 + 328 = 5*i. Does 4 divide i?
False
Suppose 5*y = -3*f + 6073, 4*f - 5532 = 5*y + 2507. Does 32 divide f?
True
Let g be (8/(-4))/(8/172). Let d = g - -72. Does 12 divide d?
False
Let x(r) = 10*r - 2 - 1 + 10*r + 6. Does 9 divide x(2)?
False
Suppose -4*n - i + 868 = 0, 2*n + 658 = 5*n - i. Let w = 314 - n. Does 16 divide w?
True
Suppose -4*j + 48 = 4*s, -s + 5 = -2*j + 2. Suppose s*g - 212 = 5*g. Does 7 divide g?
False
Let c be 0/(3/(-12)*-4) - 5. Let x(f) be the second derivative of f**5/20 + f**4/2 - f**3/6 + f**2/2 - f. Is x(c) a multiple of 24?
False
Let o = -16 + 10. Let l be 3/o*0 + 58. Suppose -3*j + 2*q = -68 - l, -5*j + q + 210 = 0. Does 17 divide j?
False
Let t = 79 + -25. Is 41 a factor of t?
False
Let u(l) = 69*l**3 + 3*l**2 - 2*l - 1. Let y(i) be the second derivative of i**4/12 - i**2/2 + 4*i. Let o(a) = u(a) - 2*y(a). Is o(1) a multiple of 13?
False
Suppose -369 = -2*d + 3*k + 28, 5*k + 195 = d. Does 11 divide d?
False
Suppose -6*u = -u + 5*h - 45, 3*h - 23 = -2*u. Suppose 3 = 2*f - 5*g, -u*f + 2*f + 2*g = -6. Suppose -f*p + 3*p = -24. Does 8 divide p?
True
Let j = 172 + -20. Let m = j - 116. Is 3 a factor of m?
True
Let y(q) = q**2 + 2*q + 18. Let i(l) = 13*l - 25. Let a be i(3). Does 22 divide y(a)?
True
Let v = -40 + 36. Is 28 a factor of v + 2 + -1 - -59?
True
Let y(d) = d + 125. Does 9 divide y(-17)?
True
Suppose -21 = -5*s - 2*u, s = 4*u - 9 - 0. Suppose -s*h + h = -14. Suppose -5*q = -6*q + h. Is q a multiple of 5?
False
Let w = 335 - 239. Is w a multiple of 96?
True
Let r = 992 + -896. Is r a multiple of 6?
True
Let s(l) = -3*l - 2. Let i be s(-2). Suppose 2*o + 10 = 24. Suppose o*d - 63 = i*d. Is d a multiple of 5?
False
Let w(y) = 2*y**2 + 11*y - 3. Let u be w(-5). Is ((-2)/u - 7/(-4)) + 103 a multiple of 14?
False
Suppose 553 = 11*l - 107. Does 10 divide l?
True
Suppose -4*w - 30*f = -33*f - 4647, f = 3*w - 3484. Does 27 divide w?
True
Let b = 60 + -222. Is 4/5 - b/10 a multiple of 7?
False
Let f = -77 + 81. Does 19 divide (-1 + 170/f)/((-6)/(-12))?
False
Let p = 34 + -2. Is p a multiple of 8?
True
Let x(v) = 2*v + 4*v - 5*v + 21 - 3. Is 2 a factor of x(-14)?
True
Let d(u) = -2*u**3 - 39*u**2 + 6*u - 100. Is 2 a factor of d(-20)?
True
Let x be (4/(-12))/(3/(-3285)). Suppose 0 = -4*s + s - 2*y + x, s + 2*y - 119 = 0. Let h = 3 + s. Is 26 a factor of h?
False
Suppose -5*v + 4*v = -2*p + 1120, -3*p = 2*v - 1666. Is p a multiple of 69?
False
Let s(n) = n**2 - 8. Does 5 divide s(5)?
False
Let d be (104/(-5))/((-4)/30). Suppose -5*f - 2*b = -6*b - 30, 2*b = -5*f + 30. Is (d/14)/(f/42) a multiple of 26?
True
Suppose -2*o + 5*g = -281, 5*o = 10*o + 3*g - 625. Is o a multiple of 4?
True
Suppose -456 = -4*r + 8*a - 3*a, 5*a = -3*r + 377. Does 6 divide r?
False
Suppose -7*g = -3*g - 8. Suppose -g*s + 3*s = -4*k + 249, s = -3. Is k a multiple of 21?
True
Suppose 4*t - 2*w + 20 = 0, 3*t + 0*t + 3*w + 24 = 0. Let z = 0 - t. Suppose n - 8 = -z*v + 4*v, -3*v - n + 14 = 0. Is 3 a factor of v?
True
Let i be 6 + -2 + (1 - 3). Suppose -164 = -5*h - 6*u + 5*u, -8 = -i*u. Does 8 divide h?
True
Let d be (-8)/12*-36*(16 - 0). Suppose 5*g - 4*c = d, c - 24 - 60 = -g. Does 10 divide g?
True
Let h(i) = -i**3 + 9*i**2 + 7*i - 33. Is h(9) a multiple of 3?
True
Let v be (3/6 + 0)*(1 + 7). Suppose -3*f + 2*a = -95 - 133, 5*a = -v*f + 327. Does 13 divide f?
True
Suppose -3*q + 5 + 10 = 0. Suppose 519 = 3*h + q*c, c = 3*h + 4*c - 525. Let v = -97 + h. Does 27 divide v?
True
Suppose 0 = s + 5*s - 1488. Suppose v - s = -3*m, 0*m - v = 2*m - 165. Suppose -10 = -3*t + m. Is t a multiple of 16?
False
Let u(h) = -4*h + 36. Let b be u(6). Let t(l) = l**3 - 11*l**2 - 12*l + 16. Is t(b) even?
True
Let d be 2/(0 + 1/4). Suppose 0 = -r + d + 34. Suppose -r = 2*u - 4*u. Is 9 a factor of u?
False
Let r = -453 + 709. Suppose -4*d + r = -384. Is 10 a factor of d?
True
Suppose -3*t = 4*o - 1618, -4*t = -o - 0*t + 395. Is 31 a factor of o?
True
Suppose -l + 5*l - 8 = 0. Is 4 a factor of ((-2)/(-5))/(l/40)?
True
Suppose 6 + 1 = 4*h + p, 2*h + 5*p = -19. Suppose -2*o - h*s = -19, -o - o = -s - 15. Suppose -z + 7 + o = x, 4*z - 25 = 3*x. Is z a multiple of 10?
True
Let l(r) = -r - 7. Let a be l(-10). Suppose 0 = a*y + w - 3*w - 254, -2*y = -w - 168. Is y a multiple of 41?
True
Let r = 291 + -111. Is 5 a factor of r?
True
Suppose 0 = 4*h - 1757 - 1351. Is h a multiple of 24?
False
Let v(t) = -t - 5. Let s be v(-8). Let m be s + 3/3 + -24. Let k = m - -28. Is 8 a factor of k?
True
Suppose 4*c = 5*c - 2. Suppose -5*o = -2*o + 5*z - 5, -c*o = -5*z - 20. Does 2 divide o?
False
Let v = -9 + 0. Let j = v + 13. Suppose -d - 4*k + 40 = 0, d + d - j*k = 32. Is d a multiple of 21?
False
Let l(r) = r**3 + 4*r**2 - r + 6. Let y be l(-6). Suppose 525 = -5*u + 10*u. Let f = u + y. Does 5 divide f?
True
Suppose 0 = 5*z + 5 - 15. Suppose b + z + 4 = 0. Is 5 a factor of (-1 - b)/(11 - 10)?
True
Let t(v) = 4*v**2 - 8*v - 87. Is t(-7) a multiple of 18?
False
Let c(m) = -4*m - 8. Let x be c(-24). Suppose -q - x = -3*q. Is 23 a factor of q?
False
Let w(s) = -4*s + 2. Let h be w(0). Suppose 0 = 4*l - h*i - 2*i - 324, 0 = -4*i - 16. Is 32 a factor of l?
False
Let l(q) = -q**3 + 12*q**2 + 16*q - 73. Is l(11) a multiple of 7?
True
Let j(y) = -6 - 1 - 7*y - y**2 + 3*y - 3*y. Let f be j(-5). Suppose 189 = f*p - 3*r, 5*p + 0*r - 285 = -r. Is p a multiple of 24?
False
Suppose 5*n - 114 = -3*k, -5*k - 5*n + 190 = -0*k. Does 19 divide k?
True
Let q be (2/(-3))/(15/(-450)). Let g = q + 34. Is g a multiple of 17?
False
Let n be (-2 - -6)/(-4 + 28/6). Suppose -n*y = -8*y + 250. Is y a multiple of 37?
False
Let g(u) = -4*u**2 - 5*u**2 - 5*u**2 + u**3 + 2*u**2 + 13*u + 1. Let q be g(10). Let w = q + 140. Is 11 a factor of w?
False
Suppose 0 